ommon factor of 152 and m?
19
Suppose -3*j + n + 53 = 0, -4*j - 4*n + 80 = -3*n. Suppose j = -2*h - 5. Let d be 252*(-1 - 20/h). Calculate the greatest common factor of 21 and d.
21
Suppose -132*j = -66 - 769 - 881. Let l(m) = -3*m - 7. Let s be l(-11). Calculate the highest common factor of s and j.
13
Let m be (-42)/63 + 26/(-6). Let b(j) = 2*j**2 + 2*j + 9. Let u be b(m). Let v be (-11)/9 - -1 - 70624/(-288). Calculate the highest common factor of v and u.
49
Let f be (-714)/(-6) - 132/(-33). What is the greatest common divisor of f and 4428?
123
Let g = 2045 + -2045. Let z be 398/10 - (-2)/10. Suppose z = 2*d - g*d. Calculate the greatest common divisor of d and 20.
20
Suppose -5*c - 6*n = -5*n - 147, 153 = 5*c - n. Suppose i - 4*f - 24 = 0, -5*i + 3*f + 45 = -143. What is the highest common divisor of i and c?
10
Let k = -11390 - -30153. Calculate the greatest common factor of k and 29.
29
Suppose v = -6 + 1. Let p be -1*v/(-5) + 3. Suppose -c + 145 - 141 = 0. What is the highest common divisor of p and c?
2
Suppose 3*h = -l + 9463, 2*h - 4*h = 4*l - 6302. Suppose -17*b = 61 - h. Calculate the highest common factor of 14 and b.
14
Let k(p) = -12*p**2 - 159*p + 31. Let u be k(-12). Calculate the greatest common factor of 844 and u.
211
Suppose -4*k + 37 + 27 = 24. What is the greatest common factor of k and 230?
10
Let n(d) = 141*d + 8847. Let o be n(-52). Calculate the greatest common divisor of 25 and o.
5
Let q(w) = 56*w**2. Let c be q(1). Let j(z) = z**3 - z**2 + 95*z - 43. Let d be j(5). What is the greatest common factor of c and d?
28
Suppose -441 = -4*z + y - 161, y = z - 70. What is the highest common divisor of z and 50?
10
Suppose 0 = -b + 28 - 16. Suppose -11*t = -2*y - b*t + 74, 3*t = 4*y - 148. Calculate the greatest common factor of y and 1.
1
Let h = -402 - -852. Let w = h + -241. Suppose 0 = 7*j + w - 734. Calculate the highest common factor of j and 30.
15
Suppose -72 = -5*q + 6*o + 62, 2*q + 4*o - 28 = 0. Suppose -2*p + 210 = 5*h, -p + h = -2*h - 116. What is the greatest common divisor of q and p?
22
Let f = -12447 - -35208. Calculate the greatest common factor of f and 81.
81
Let g be 834/2 + (-30 - -27) - (-1 - -7). What is the highest common factor of g and 5100?
204
Let g(i) = -i**3 + 9*i**2 + 2*i - 11. Let x be g(9). Let l(y) = 2*y**3 - 6*y**2 - 21*y - 5. Let w be l(x). Calculate the greatest common factor of w and 30.
30
Let k(d) = -2*d**3 - 30*d**2 - 47*d + 10. Let l be k(-15). Let s = -255 + l. Calculate the highest common divisor of s and 20.
20
Let q(d) = -d**2 - 11*d + 21. Let g be q(-9). Let c(l) = 16*l + 142. Let u be c(-4). Calculate the greatest common factor of u and g.
39
Let a(s) = -248*s + 632. Let h be a(0). What is the highest common divisor of h and 395?
79
Let p = 4804 - 3715. What is the highest common divisor of p and 27?
9
Suppose 1165 = 5*f - 5*z, 2*f - 101 = z + 372. Suppose -4*t = t + 180. Let v = t + 66. What is the highest common divisor of f and v?
30
Let w(o) = -19*o - 110. Let i(m) = m**2 + 19*m + 10. Let q be i(-18). Let f be w(q). Calculate the highest common divisor of f and 168.
42
Suppose 0 = p - 5*j - 442, 3*j + 476 = p + 36. Let x = p + -266. Calculate the highest common factor of x and 76.
19
Let x(y) = 156 - 83 + 5*y - 46. Let r be x(-5). Suppose 3*g = 4*w - 390, -r*g - 30 + 430 = 4*w. Calculate the highest common divisor of w and 9.
9
Let l(f) = -9*f**3 - 2*f**2 + f + 3. Let h be l(-2). Suppose 4*g - h = 7. Calculate the greatest common divisor of 90 and g.
18
Suppose 4*q - s - 4 = -5*s, -3*q + 3*s = -3. Let h be ((-616)/(-196))/(q/7). What is the highest common factor of h and 198?
22
Suppose -3*k - g + 1031 = 0, 3*g = 2*k + 5*g - 686. Suppose -4*o + 180 = 2*i, 5*i = -5*o + 106 + k. What is the highest common divisor of i and 12?
6
Suppose 50 = 7*z - 2*z. Let u be -4*(-5)/z*4. Let m = 42 - -14. Calculate the greatest common divisor of u and m.
8
Let u = -19455 + 19464. Calculate the highest common factor of 2439 and u.
9
Let p be (56/(-24) + 3)*-1*309. Let y = p - -267. Calculate the highest common divisor of 183 and y.
61
Suppose 2*a - 4*b - 16 = a, 5*b = 2*a - 20. Suppose a = 4*y - j - 85, -2*j = 6 + 4. Let r = 195 + -191. What is the greatest common divisor of r and y?
4
Suppose 3514 = 8*x + 43*x - 14897. What is the greatest common divisor of x and 19?
19
Let r = -79 + 80. Let g(d) = 155*d**2 - 2*d + 3. Let m be g(r). What is the greatest common factor of m and 12?
12
Let g(f) be the second derivative of -f**5/10 - 5*f**4/4 + 2*f**3/3 - f**2 - 5*f - 4. Let z be g(-8). What is the greatest common divisor of z and 480?
30
Let x be (15/2)/((-1)/(-6)*3). Suppose 197 = -7*r + 11*r - z, x = 5*z. Let j = r - 26. What is the highest common divisor of 1 and j?
1
Suppose 0 = -5*k - 4*f - 5, -4*f - 19 = 2*k + f. Suppose -365 = -k*x - 113. Calculate the greatest common factor of x and 196.
28
Let h(u) = -2*u**3 + 4*u**2 + 8*u + 5. Let b be h(6). Let g be 3/(-4) + b/(-20). Let q = g + 19. What is the highest common divisor of 75 and q?
15
Let b(f) = -f**3 + 18*f**2 + 42*f - 36. Let q be b(17). Suppose -q + 2683 = 11*p. What is the highest common divisor of 12 and p?
12
Suppose 4*l + 23 - 35 = 0. Let i(c) = c**3 - c**2 - 2*c - 7. Let g be i(l). What is the greatest common factor of 35 and g?
5
Suppose 396*d - 397*d = 341. Let j be (-5)/(-15) - d/3. Calculate the greatest common divisor of 152 and j.
38
Suppose 55*p - 194 - 199 + 63 = 0. Let w = 1 + 14. Calculate the greatest common factor of w and p.
3
Suppose 114*a - 119*a = -60. Let b = 1 - -75. What is the greatest common divisor of b and a?
4
Let l(p) = -4*p + 36. Let y be l(5). Suppose -15*u = -y*u + 260. What is the highest common divisor of 104 and u?
52
Suppose -94*p + 40 = -89*p + 3*g, 2*g = 5*p + 10. Suppose -2*b = -5*b + 6. Calculate the greatest common divisor of p and b.
2
Let u = 56 + -38. Suppose 13*f + 160 = u*f. What is the greatest common divisor of 4 and f?
4
Suppose 5*l - v - 32 = 0, 4*v - 1 - 9 = -3*l. Let t(o) = 3*o**3 - 14*o**2 + 2*o + 19. Let u be t(l). Calculate the greatest common factor of u and 280.
35
Let t be 2 - (-31 + 18)/((-2)/(-48)). Let m = t + -299. What is the highest common divisor of m and 70?
5
Suppose -65*c = -71*c + 984. Suppose -4*b - 3*p = -c, -5*p = b - 4*p - 42. Let d(q) = -10*q + 6. Let j be d(-7). What is the highest common divisor of b and j?
38
Let m(b) = -14*b - 15. Let y be m(-6). Suppose -4*q - 63 = -2*w + q, w + 5*q - y = 0. Let t = w + -30. What is the greatest common factor of 35 and t?
7
Let k = 296 - 108. Let r = -532 + 814. What is the greatest common divisor of k and r?
94
Let o(x) = -x**2 + 5*x + 13. Let r be o(6). Let k(d) = d**3 - 8*d**2 + 10*d + 4. Let f be k(r). Calculate the greatest common divisor of f and 175.
25
Suppose 0 = l + 59 + 21. Let f = l - -88. What is the highest common factor of 6 and f?
2
Suppose 0 = -5*n + 2*w + 2079 + 9329, 4*w = -16. Calculate the highest common factor of 200 and n.
40
Suppose -11*w = -147 - 403. Suppose -w = -14*r + 9*r. What is the highest common factor of 45 and r?
5
Let u = -2925 - -2928. Let c = 11 + 16. Calculate the highest common factor of u and c.
3
Suppose -250 = -15*k + 1115. Suppose k - 322 = -7*n. Calculate the highest common factor of 44 and n.
11
Let j(q) = 6*q + 4. Let a be j(12). Let r = 3455 + -3398. What is the greatest common divisor of r and a?
19
Let p(h) = -h**2 + 51*h + 3. Let d be p(0). Suppose -5*m + 111 = 4*r, -r + d - 4 = 0. What is the greatest common factor of 621 and m?
23
Let n(k) = -k**2 + 5*k - 4. Suppose -2*b + 3*b + 6 = i, -8 = 4*b. Let z be n(i). Suppose -o - 2*o + 84 = z. What is the greatest common factor of 14 and o?
14
Let t be (68/6)/(34/1275). What is the greatest common factor of 935 and t?
85
Let j(t) = 39796*t**3 - 4*t**2 - 18*t + 21. Let f be j(1). Calculate the greatest common divisor of f and 15.
15
Suppose 5*z - z - 64 = 0. Suppose z = 5*u + g, -5*g = 7*u - 9*u + 28. Suppose u*y = 233 - 65. Calculate the greatest common divisor of y and 105.
21
Let z = 4627 + -4513. What is the highest common factor of z and 1254?
114
Let h(q) = 336*q - 3626. Let b be h(11). What is the greatest common factor of 510 and b?
10
Suppose -1161*z + 10 = -1160*z - 2*x, -5*z - 2*x = -26. What is the greate